02
In base 16, what is 56c + -c8ad?
-c341
In base 9, what is 634 - 1681873?
-1681238
In base 10, what is 457745 + 64?
457809
In base 13, what is 3204 - 11725?
-b521
In base 10, what is 3 - 317620?
-317617
In base 2, what is -111100011110011001011101 + 11?
-111100011110011001011010
In base 15, what is -ee0078 + 36?
-ee0042
In base 12, what is -12570 + 18?
-12554
In base 2, what is 10 + -101101111001011001?
-101101111001010111
In base 3, what is -221011220 + 1001010?
-220010210
In base 5, what is -20334341 - 143?
-20340034
In base 4, what is -32003022 + 1302?
-32001120
In base 7, what is -144352 + -2262?
-146644
In base 4, what is 0 + 2123120011?
2123120011
In base 9, what is -7 + -3021218?
-3021226
In base 10, what is -6690 - -2295?
-4395
In base 2, what is -1000111111011 - -11001100111?
-101110010100
In base 6, what is -553 - 1132050?
-1133043
In base 8, what is -3 + -2016711?
-2016714
In base 3, what is -100011100120 - -21112?
-100011002001
In base 7, what is 305623362 - 4?
305623355
In base 9, what is 37527 + 101?
37628
In base 11, what is -2024 - 6062a?
-62653
In base 12, what is 5 - 675a92?
-675a89
In base 9, what is 2 - -2150612?
2150614
In base 2, what is 101000101101110 + -10100011101001?
10100010000101
In base 10, what is 17 + -76653?
-76636
In base 14, what is a6777 + 1?
a6778
In base 9, what is -5 + -10646203?
-10646208
In base 5, what is -12124040143 + -34?
-12124040232
In base 6, what is 4321143 + -3?
4321140
In base 10, what is 1358900 + -6?
1358894
In base 5, what is 142312022 - 1323?
142310144
In base 15, what is -162d6dd - 2?
-162d6e0
In base 14, what is 4db0da + -4?
4db0d6
In base 15, what is 60a + -219?
3e1
In base 2, what is -1000011010111000 - 1001110100?
-1000100100101100
In base 3, what is 10 + -2100011122111?
-2100011122101
In base 9, what is 1213 + -5082?
-3768
In base 16, what is 18 + 4c7f01?
4c7f19
In base 2, what is 1011000 - -110001011111001011?
110001100000100011
In base 4, what is -2030310303122 + 3?
-2030310303113
In base 16, what is -6e164 + 243?
-6df21
In base 12, what is -5 - 21343836?
-2134383b
In base 9, what is -10436 - 1403?
-11840
In base 9, what is 504075318 - -2?
504075321
In base 15, what is -19 - -11a46e9?
11a46d0
In base 8, what is 51037 + -2?
51035
In base 4, what is -312301 + 2312303?
2000002
In base 15, what is -8 + -478368b?
-4783694
In base 2, what is 11000101000100111111 + 110011?
11000101000101110010
In base 12, what is 124367 - -31?
124398
In base 13, what is -a15925 + -a6?
-a159cb
In base 13, what is 15a2802 + -6?
15a27c9
In base 16, what is -9d + 6287?
61ea
In base 5, what is -1321 - -2233141?
2231320
In base 10, what is 387559 - -469?
388028
In base 7, what is -1010 - 4306431?
-4310441
In base 12, what is -4 - 5235558?
-5235560
In base 11, what is -1221 - -27576?
26355
In base 13, what is 327006 + 7?
327010
In base 9, what is -22387 + 2673?
-18614
In base 16, what is 14 - 46f25?
-46f11
In base 6, what is -35 + 1011411440?
1011411401
In base 9, what is -75 + -11380157?
-11380243
In base 10, what is 221 + 1441370?
1441591
In base 13, what is 12 + -c99099?
-c99087
In base 2, what is -100 - -1011011101101111111010?
1011011101101111110110
In base 16, what is -153b250 + -4?
-153b254
In base 13, what is -69421c8 + -2?
-69421ca
In base 6, what is 22 - 111333024?
-111333002
In base 4, what is -23301 - 1211022?
-1300323
In base 7, what is 3254633521 - 2?
3254633516
In base 5, what is 3033 + 22331111?
22334144
In base 6, what is -1051204422 - -34?
-1051204344
In base 12, what is a79 - -507a?
5b37
In base 16, what is d50d69e - 4?
d50d69a
In base 12, what is -956 - -1a0b?
1075
In base 13, what is a006442 + -2?
a006440
In base 8, what is -17241647 - 20?
-17241667
In base 10, what is 5882 + 27525?
33407
In base 14, what is 17a85 + 1ca?
17c71
In base 10, what is -2366 + 9651?
7285
In base 11, what is 13a249 + -619?
139730
In base 2, what is 1 - -111011000101000010100111?
111011000101000010101000
In base 10, what is 1691 + -28378?
-26687
In base 12, what is -429584777 - -3?
-429584774
In base 6, what is -13400535024 + 3?
-13400535021
In base 8, what is 126172 + -156?
126014
In base 4, what is 221202210 - 10222?
221131322
In base 5, what is -10430034 + -11424?
-10442013
In base 2, what is 111010110100 - 1000001011111?
-110101011
In base 3, what is 1111110021022 - 1001?
1111110020021
In base 12, what is -107b105 - -27?
-107b09a
In base 8, what is 11235523 - 35?
11235466
In base 10, what is -26663 + 3978?
-22685
In base 14, what is -926 - bc1?
-1707
In base 7, what is 24264 - -1614?
26211
In base 12, what is 2211 + 2246?
4457
In base 11, what is -3 + -707439?
-707441
In base 10, what is 1029 + 119965?
120994
In base 9, what is -1 + 5034432?
5034431
In base 8, what is -11657132 - -23?
-11657107
In base 7, what is 10163512323 + -4?
10163512316
In base 11, what is -3a63a + -170?
-3a7aa
In base 8, what is 1263166 + 5?
1263173
In base 4, what is -3 + 10032131132001?
10032131131332
In base 5, what is -10 - -433311044?
433311034
In base 15, what is -18039 - -4c6?
-17a63
In base 11, what is 1240105 - -8?
1240112
In base 2, what is 1101111100100111101 + 10101000100?
1101111111010000001
In base 6, what is -13103352 - 5?
-13103401
In base 5, what is 2013332 - 212?
2013120
In base 3, what is -121201121102 - -221?
-121201120111
In base 13, what is 8b725694 + -3?
8b725691
In base 11, what is -52 - -2547601?
254755a
In base 8, what is -10250125 + -1056?
-10251203
In base 2, what is 1111100010100001011100001 + 0?
1111100010100001011100001
In base 4, what is 120 + -21302133203?
-21302133023
In base 8, what is -315330 - 117?
-315447
In base 13, what is 61 + -163046?
-162cb5
In base 15, what is -c6cba8 + 3?
-c6cba5
In base 13, what is -1096a + -3b?
-109a8
In base 9, what is -6 + -3216101?
-3216107
In base 10, what is -1133825 - -39?
-1133786
In base 10, what is 255190 + -5284?
249906
In base 14, what is 10c3dc0 + -5?
10c3db9
In base 4, what is 1023012 + -103031130?
-102002112
In base 4, what is -232331200000 - 1?
-232331200001
In base 4, what is -2230 - -33020021123?
33020012233
In base 15, what is -d5aa + -42?
-d5ec
In base 16, what is 40db5 - -22e?
40fe3
In base 9, what is 3278713 + -154?
3278548
In base 4, what is -3 - 2213311001100?
-2213311001103
In base 3, what is 211101110210210 - 11?
211101110210122
In base 10, what is -1 - 16395759?
-16395760
In base 7, what is -1504641305 + 3?
-1504641302
In base 6, what is -2500340 + -3253?
-2504033
In base 13, what is c + 27a65ca?
27a6609
In base 4, what is -21131132 + -13313?
-21211111
In base 5, what is -3 - 3144320433?
-3144320441
In base 8, what is -642 + 1113743?
1113101
In base 7, what is -464 + -12455?
-13252
In base 12, what is 4 - -33356075?
33356079
In base 12, what is -12 + -12959374?
-12959386
In base 4, what is 113311223021 + -2?
113311223013
In base 3, what is 20022021200 + 2001?
20022100201
In base 6, what is -33234533 - 1004?
-33235541
In base 5, what is 1 + 40403102?
40403103
In base 7, what is 2316 - -10313?
12632
In base 2, what is -100110 + 1010010101110101000000?
1010010101110100011010
In base 10, what is 1007 - 155?
852
In base 5, what is -3 - 4302200422?
-4302200430
In base 2, what is 11100111111010101011 + -1011100?
11100111111001001111
In base 9, what is 2817110 + -27?
2817072
In base 15, what is e - 392309?
-3922ea
In base 5, what is -442200 - 401234?
-1343434
In base 4, what is -1100 - -110102213?
110101113
In base 2, what is -10100011101111100001011 - 1?
-10100011101111100001100
In base 3, what is -1201120000 + -11120?
-1201201120
In base 16, what is -2e2d - 13d3?
-4200
In base 3, what is -1221 - -10210001002201?
10210001000210
In base 13, what is -953bb2 + -13?
-953bc5
In base 6, what is -2401 - -34140?
31335
In base 10, what is -213382 - -1776?
-211606
In base 8, what is 1 - 1650563667?
-1650563666
In base 9, what is 2413543 - 68?
2413464
In base 14, what is 5 + -74108a7?
-74108a2
In base 11, what is -853 + -4958?
-5700
In base 11, what is -14 + -10a7973?
-10a7987
In base 2, what is 110 - 1011110001001011111011?
-1011110001001011110101
In base 12, what is 31989267 - -b?
31989276
In base 3, what is 12212 - -1102121011?
1102211000
In base 2, what is -10 + -1000001111101110000100?
-1000001111101110000110
In base 9, what is -2 - -2406667?
2406665
In ba